tens digit of 15244?
4
What is the hundreds digit of 4281?
2
What is the tens digit of 186?
8
What is the hundreds digit of 9267?
2
What is the tens digit of 3614?
1
What is the hundreds digit of 407?
4
What is the hundreds digit of 150?
1
What is the units digit of 468?
8
What is the thousands digit of 20205?
0
What is the hundreds digit of 423?
4
What is the units digit of 2584?
4
What is the tens digit of 108083?
8
What is the units digit of 54?
4
What is the thousands digit of 4080?
4
What is the ten thousands digit of 50919?
5
What is the hundreds digit of 176437?
4
What is the tens digit of 17076?
7
What is the units digit of 8837?
7
What is the tens digit of 148639?
3
What is the units digit of 2847?
7
What is the hundreds digit of 79185?
1
What is the units digit of 275?
5
What is the thousands digit of 58266?
8
What is the units digit of 12349?
9
What is the ten thousands digit of 43016?
4
What is the tens digit of 2837?
3
What is the units digit of 8277?
7
What is the thousands digit of 54398?
4
What is the units digit of 510?
0
What is the hundreds digit of 2600?
6
What is the tens digit of 56011?
1
What is the thousands digit of 34528?
4
What is the ten thousands digit of 59847?
5
What is the units digit of 1139?
9
What is the ten thousands digit of 140482?
4
What is the hundreds digit of 69094?
0
What is the tens digit of 746?
4
What is the ten thousands digit of 12282?
1
What is the units digit of 1077?
7
What is the thousands digit of 4449?
4
What is the thousands digit of 4578?
4
What is the hundreds digit of 1253?
2
What is the ten thousands digit of 11230?
1
What is the hundreds digit of 36396?
3
What is the thousands digit of 2268?
2
What is the thousands digit of 4867?
4
What is the hundreds digit of 1025?
0
What is the thousands digit of 11161?
1
What is the thousands digit of 14248?
4
What is the units digit of 1271?
1
What is the ten thousands digit of 25017?
2
What is the thousands digit of 6744?
6
What is the tens digit of 28243?
4
What is the tens digit of 2790?
9
What is the tens digit of 17542?
4
What is the units digit of 181?
1
What is the thousands digit of 36164?
6
What is the tens digit of 6284?
8
What is the units digit of 6883?
3
What is the tens digit of 1161?
6
What is the thousands digit of 1649?
1
What is the thousands digit of 42702?
2
What is the tens digit of 55?
5
What is the thousands digit of 8891?
8
What is the ten thousands digit of 15963?
1
What is the hundreds digit of 2283?
2
What is the units digit of 30737?
7
What is the thousands digit of 1490?
1
What is the units digit of 9415?
5
What is the hundred thousands digit of 122217?
1
What is the hundreds digit of 593?
5
What is the hundreds digit of 1624?
6
What is the units digit of 4098?
8
What is the tens digit of 1430?
3
What is the ten thousands digit of 22617?
2
What is the ten thousands digit of 64428?
6
What is the thousands digit of 1587?
1
What is the hundreds digit of 15955?
9
What is the tens digit of 898?
9
What is the thousands digit of 53837?
3
What is the hundreds digit of 7447?
4
What is the tens digit of 450?
5
What is the thousands digit of 57541?
7
What is the units digit of 908?
8
What is the units digit of 6700?
0
What is the units digit of 12885?
5
What is the thousands digit of 1714?
1
What is the hundreds digit of 11468?
4
What is the thousands digit of 3338?
3
What is the tens digit of 3317?
1
What is the tens digit of 15806?
0
What is the units digit of 779?
9
What is the thousands digit of 19601?
9
What is the tens digit of 51333?
3
What is the thousands digit of 1405?
1
What is the thousands digit of 1617?
1
What is the hundreds digit of 11504?
5
What is the units digit of 850?
0
What is the units digit of 12375?
5
What is the ten thousands digit of 30512?
3
What is the thousands digit of 2570?
2
What is the tens digit of 3104?
0
What is the ten thousands digit of 11375?
1
What is the units digit of 330?
0
What is the hundreds digit of 9743?
7
What is the units digit of 14764?
4
What is the tens digit of 2757?
5
What is the tens digit of 528?
2
What is the units digit of 593?
3
What is the tens digit of 31445?
4
What is the hundreds digit of 20568?
5
What is the hundreds digit of 46859?
8
What is the ten thousands digit of 85592?
8
What is the units digit of 634?
4
What is the tens digit of 20328?
2
What is the hundreds digit of 4939?
9
What is the tens digit of 461?
6
What is the ten thousands digit of 161779?
6
What is the tens digit of 114825?
2
What is the units digit of 408?
8
What is the units digit of 226?
6
What is the thousands digit of 32154?
2
What is the units digit of 19519?
9
What is the ten thousands digit of 96784?
9
What is the thousands digit of 32089?
2
What is the hundreds digit of 1191?
1
What is the hundreds digit of 543?
5
What is the units digit of 2386?
6
What is the hundreds digit of 3885?
8
What is the thousands digit of 18577?
8
What is the ten thousands digit of 19450?
1
What is the tens digit of 19367?
6
What is the hundreds digit of 1578?
5
What is the units digit of 638?
8
What is the tens digit of 12614?
1
What is the tens digit of 2848?
4
What is the units digit of 1044?
4
What is the units digit of 321?
1
What is the hundreds digit of 10402?
4
What is the hundreds digit of 2504?
5
What is the hundreds digit of 42798?
7
What is the units digit of 1657?
7
What is the units digit of 14900?
0
What is the ten thousands digit of 12890?
1
What is the units digit of 28325?
5
What is the units digit of 2091?
1
What is the thousands digit of 16433?
6
What is the thousands digit of 1388?
1
What is the hundreds digit of 7187?
1
What is the thousands digit of 4069?
4
What is the units digit of 1788?
8
What is the tens digit of 65992?
9
What is the tens digit of 9468?
6
What is the thousands digit of 2019?
2
What is the units digit of 20135?
5
What is the thousands digit of 9612?
9
What is the tens digit of 12153?
5
What is the ten thousands digit of 49368?
4
What is the thousands digit of 23459?
3
What is the hundreds digit of 4088?
0
What is the tens digit of 7578?
7
What is the tens digit of 381?
8
What is the hundreds digit of 2122?
1
What is the thousands digit of 49549?
9
What is the ten thousands digit of 42401?
4
What is the units digit of 9041?
1
What is the ten thousands digit of 12558?
1
What is the hundreds digit of 6897?
8
What is the ten thousands digit of 161490?
6
What is the thousands digit of 5980?
5
What is the units digit of 107785?
5
What is the thousands digit of 3302?
3
What is the ten thousands digit of 14892?
1
What is the units digit of 1234?
4
What is the tens digit of 54?
5
What is the tens digit of 385?
8
What is the hundreds digit of 471?
4
What is the hundred thousands digit of 104906?
1
What is the thousands digit of 1076?
1
What is the units digit of 105374?
4
What is the units digit of 37674?
4
What is the hundreds digit of 40175?
1
What is the tens digit of 1227?
2
What is the tens digit of 18220?
2
What is the tens digit of 2546?
4
What is the units digit of 105081?
1
What is the units digit of 575?
5
What is the hundreds digit of 10953?
9
What is the thousands digit of 16338?
6
What is the tens digit of 5024?
2
What is the hundreds digit of 64578?
5
What is the units digit of 2665?
5
What is the units digit of 4741?
1
What is the hundreds digit of 138149?
1
What is the hundreds digit of 510?
5
What is the hundreds digit of 7494?
4
What is the hundreds digit of 19155?
1
What is the tens digit of 53069?
6
What is the ten thousands digit of 54719?
5
What is the tens digit of 4566?
6
What is the hundreds digit of 16966?
9
What is the tens digit of 3539?
3
What is the thousands digit of 37269?
7
What is the tens digit of 101744?
4
What is the units digit of 4306?
6
What is the units digit of 758?
8
What is the thousands digit of 63758?
3
What is the tens digit of 6722?
2
What is the hundreds digit of 637?
6
What is the tens digit of 2630?
3
What is the thousands digit of 35373?
5
What is the hundreds digit of 16537?
5
What is the thousands digit of 3572?
3
What is the units digit of 2038?
8
What is the thousands digit of 4282?
4
What is the hundreds digit of 5734?
7
What is the hundreds digit of 16728?
7
What is the units digit of 1192?
2
What is the hundreds d